e prime factors of t(-2)?
2, 3, 7
Let l(j) be the third derivative of j**5/30 - j**4/12 + j**3/6 - 3*j**2. What are the prime factors of l(-2)?
13
Let u = -5 - -6. Let x(b) = 27*b + 1. List the prime factors of x(u).
2, 7
Let g be 111/(-21) - (-4)/14. Let a = g + 11. List the prime factors of a.
2, 3
Let p = -3 + 5. Let s(h) = 6 - p*h**2 + 0*h - h**3 - 2*h**2 + 4*h. What are the prime factors of s(-5)?
11
Let p be ((-48)/(-40))/(2/5). Suppose 3*k - 4*k = -3*g - 28, -p*k - 5*g + 112 = 0. List the prime factors of k.
2, 17
List the prime factors of (-1920)/(-70) + 4/7.
2, 7
Suppose -3*o = 2*t + 2 + 1, 2*t - 2*o - 12 = 0. Suppose -116 = -t*w + 4*u, 2*u - 140 = -0*w - 3*w. List the prime factors of w.
2, 11
Let u(a) = 9*a - 47. What are the prime factors of u(13)?
2, 5, 7
Let a(l) = l**3 - 7*l**2 + 3. Let v be a(7). Suppose v*g + 0 = -5*o + 4, -5*g + 2*o + 17 = 0. List the prime factors of g.
3
Let p = -52 - -220. List the prime factors of p.
2, 3, 7
What are the prime factors of (-42)/(-11) - (-12)/66?
2
Suppose 0 = -3*n + 3*w + 27, 0 = -3*n + 2*w - 4*w + 2. Suppose -o - o = -n. What are the prime factors of -2 + 11 - (o - 0)?
7
List the prime factors of (8/(-20))/((-1)/120).
2, 3
Suppose l + 2*m - 11 = m, 57 = 2*l - 5*m. Let d be 44/l - (-1)/4. Let u = d + 3. List the prime factors of u.
2, 3
Let h be 16/9 - 2/(-9). Let l = h + -4. Let x(d) = -d**3 - 2*d**2 - 2*d. List the prime factors of x(l).
2
Let g(o) = -o**2 - 16*o + 8. Let y be g(-14). Suppose -c = -2*n + y, -4*n + 5*n - 4*c - 25 = 0. List the prime factors of n.
17
Suppose 29 = 3*g - 4. List the prime factors of g.
11
Suppose 0*c - c + 1 = 0, -2*c - 108 = -5*d. What are the prime factors of d?
2, 11
Suppose -p = 2 - 3. What are the prime factors of ((-13)/p)/(2 - 3)?
13
Let k(a) = a + 1. Let i(s) = s. Let b(n) = -16*n - 5. Let l(m) = -b(m) - 6*i(m). Let c(w) = -6*k(w) + l(w). List the prime factors of c(1).
3
Suppose 16*t - 2378 = 1894. What are the prime factors of t?
3, 89
Suppose 6*a - 3*a - 276 = 0. Let r = -47 + a. List the prime factors of r.
3, 5
Let z = 34 + -7. List the prime factors of z.
3
Let u = -7 + 12. Let a(s) = 3*s - 1. List the prime factors of a(u).
2, 7
Suppose 5*b - 76 = 34. Suppose b + 8 = 3*k. What are the prime factors of 18/k*(-30)/(-9)?
2, 3
Let y(t) be the second derivative of t**6/120 - t**4/12 - t**3/6 + 2*t. Let r(l) be the second derivative of y(l). List the prime factors of r(-2).
2, 5
Let t = -24 - -35. Suppose -49 + t = -3*r + k, 4*r - 39 = -k. What are the prime factors of r?
11
Let m = 32 - -18. Suppose x = 3*k + 2*k - 34, -x - m = -k. Let i = -35 - x. What are the prime factors of i?
19
Let r(w) be the first derivative of -w**4/4 - 5*w**3/3 + w**2 - 2*w + 1. Let s be r(-5). Let b = 17 + s. What are the prime factors of b?
5
Let d = -11 + 57. What are the prime factors of d?
2, 23
Suppose 3*d = -2*q + d + 6, d = 2*q - 12. Suppose -2*k - 3*k = 4*a - 20, -2*k - 10 = -2*a. Let w = a + q. What are the prime factors of w?
2, 5
List the prime factors of 6*3/(-6)*-1.
3
Suppose -4*s + 162 + 278 = 0. List the prime factors of s.
2, 5, 11
Suppose n + 5 = -3*g + 12, -2*n - 10 = 0. Suppose -g*f + 62 = f - 3*i, 2*i - 67 = -5*f. List the prime factors of f.
13
Let f be (-1 + 0)*-3*2. List the prime factors of f/(-4)*120/(-9).
2, 5
Let a = -9 - -4. Let s = 4 + a. List the prime factors of (2/s)/((-4)/8).
2
Let h be (6 + -2)*(-22)/(-4). Suppose -2*g + h = -78. What are the prime factors of g?
2, 5
Let c(a) = -a**2 - 17*a + 2. Suppose -47 = 4*j + 21. List the prime factors of c(j).
2
Suppose 5*o - 7*o = 0. Suppose o = v - 16 + 6. List the prime factors of v.
2, 5
Let u = 133 + -46. What are the prime factors of u?
3, 29
Suppose 0 = -0*h + 5*h - 15. Let f(i) = -i**2 + 6*i + 3. Let x be f(h). Let z = x + -7. List the prime factors of z.
5
Let h(c) be the second derivative of -c**4/12 + 9*c**2/2 - 2*c. Let o be h(0). What are the prime factors of 1*(o - (-4 + 2))?
11
Let m = -65 - -46. Let u = 40 + m. What are the prime factors of u?
3, 7
Suppose -r = -6*r - 305. Let f = 92 + r. List the prime factors of f.
31
Suppose 0 = j + 2*j. Let u(x) = -x + 6. Let t be u(j). Let i = 2 + t. List the prime factors of i.
2
Let i be (-2)/(-3) + (-50)/(-6). Let x = 37 - i. What are the prime factors of x?
2, 7
Let b(t) = 2*t**2 - 1. Let l be (-1)/3*1*-18. Let p be l*(4/3 - 1). List the prime factors of b(p).
7
Suppose 5*b - 9 - 1 = 0. Suppose 0*w + b*w - 55 = -3*j, 4*w + 2*j = 106. What are the prime factors of w?
2, 13
Suppose c + 0*c = 33. Suppose 2*s + 6 = -l - 8, -2*l - 5*s = 24. Let t = l + c. List the prime factors of t.
11
Suppose 9 = -3*o, 8 + 10 = 3*i + 3*o. What are the prime factors of i?
3
Let n(q) = -8*q**2 + q**3 - 3 + 4*q**2 - 6*q + 3*q**2 - 2. List the prime factors of n(4).
19
Let j(h) be the third derivative of h**5/15 - h**4/24 + h**2. Let y(n) = -n + 7. Let f be y(8). List the prime factors of j(f).
5
Suppose 5*x = 2*k + k - 16, -2*k = 2*x. Let h(d) = 2*d**3 - k*d**2 + 9 - d**3 - 5 - d. List the prime factors of h(3).
2, 5
Suppose 2*b - 2 - 6 = 0. Suppose b*d = -g - 6, 12 = 3*g + g - 2*d. Suppose -p = g*u - 15, -3 - 12 = -p - 4*u. What are the prime factors of p?
3, 5
Let w(p) = p + 1. Let q be 1/(-2)*0 + 9. What are the prime factors of w(q)?
2, 5
Suppose 1 = -2*a - 3, o + 5*a = 60. What are the prime factors of o?
2, 5, 7
Let q = -3 + 7. Suppose 7*x - 9 = q*x. What are the prime factors of (x/(-5))/((-1)/15)?
3
Let w be ((-2)/4)/(3/108). Let f = 61 + w. List the prime factors of f.
43
Suppose -2*c - 6*a + 3*a = 21, 2*c - a + 1 = 0. What are the prime factors of 59*(-4 - -1)/c?
59
Let r be 40/(-5) - (0 + -1). What are the prime factors of (r + 2)*(-3 + 2)?
5
Suppose -3*g - u - 4*u = -45, 4*u = 0. Let l be (3/g)/((-3)/(-15)). What are the prime factors of 0 - (-12 + l + 0)?
11
Let t(g) = -7*g**2 + 7*g - 7. Let f(a) = -a**2 - a + 1. Let v(y) = -6*f(y) - t(y). Let s = 1 + 0. List the prime factors of v(s).
13
Let d = -2 - -2. Suppose d = -s + 3*s - 126. Suppose -4*k + 3*m + s = 0, 0 = -k - k - 3*m + 45. What are the prime factors of k?
2, 3
Let h = -67 + 97. What are the prime factors of h?
2, 3, 5
Let p(l) = -l. Let r be p(-6). List the prime factors of r/15 - (-53)/5.
11
Let w(p) = 5*p**3 - 3*p**2 + 5*p - 3. List the prime factors of w(2).
5, 7
List the prime factors of -1 - -4 - (2 + -3).
2
Suppose -10 = -3*h + h. Suppose -w + 8 - 1 = 0. Suppose 47 - w = h*a. What are the prime factors of a?
2
Suppose b = -4*o + 6*o - 47, 5*b = -5. List the prime factors of o.
23
Let u(d) = d**2 + 8*d + 6. Let p be u(-7). Let c(r) be the first derivative of -4*r**4 + r**3/3 - r**2/2 - r - 2. List the prime factors of c(p).
17
Let y(m) = 7*m - 3. Let b(s) = -s**2 + 7*s - 7. Let t be b(5). Let c be y(t). Suppose -o + c = 2*l + o, 0 = 4*l - 2*o - 54. List the prime factors of l.
2, 3
Suppose 20 = 4*j - 4*n, n - 10 = -2*j - 0*n. Let f be -2 + -1 + j + 3. Suppose -9 = -3*u, f*w - w + 2*u - 66 = 0. List the prime factors of w.
3, 5
Suppose -2*r = -3*r + 151. Suppose 0 = -3*m - 46 + r. What are the prime factors of m?
5, 7
Let f(a) = 10*a - 1. Let r be f(1). Suppose -o = 3*h - 3 - r, 4*o = 2*h - 22. Suppose h*g + 35 = 90. What are the prime factors of g?
11
Let l = 2 + -2. Suppose l = 2*g + 3*s - 14, -g - 3*g - 4*s = -24. Suppose g*n = n + 30. List the prime factors of n.
2, 5
Let k(s) = 2*s - 10. Let l be (-1)/(-5) + 88/10. What are the prime factors of k(l)?
2
Suppose -o + 22 = -0*o - x, -o + 28 = x. List the prime factors of o.
5
What are the prime factors of (1/1)/((-1)/(-12))?
2, 3
Suppose -4*k = -2*b - 0*b + 94, 5*k = 0. List the prime factors of b.
47
Suppose 9*g - 111 = 6*g. Suppose 5*a + 12 = r, 5*r + 6 = -4*a + g. What are the prime factors of r?
7
Let b = 5 - 1. Suppose 33 = b*n - 19. What are the prime factors of n?
13
What are the prime factors of (0 - 1) + (217 - 6)?
2, 3, 5, 7
Let h = -26 + 31. List the prime factors of h.
5
Suppose 0*w - 125 = -4*w + 5*b, -2*w - b + 73 = 0. List the prime factors of w.
5, 7
Suppose -2*v + 5*g + 3 = 0, -4*v + 4 = -5*g - 7. Suppose -20 = -v*w + 12. List the prime factors of w.
2
Let s(a) = -62*a. What are the prime factors of s(-3)?
2, 3, 31
Let q be (-4)/(-14) + (-32)/14. What are the prime factors of 4/(q - (-27)/12)?
2
Suppose -2*x - 4